 3*l, -3*k + 10 = 2*l. Calculate the remainder when x is divided by k.
5
Let f = 200 - -9. What is the remainder when f is divided by 42?
41
Let m(h) = h - 1. Let s be 16/10 - (-2)/5. Let u be m(s). Let z = 2 + u. What is the remainder when 4 is divided by z?
1
Calculate the remainder when 228 is divided by (-2)/(-3)*-6 - -14.
8
Let y(s) = 3*s**2 + s + 2. Let b be y(-3). Suppose b = 2*k - 54. Suppose 2*w = -0*w + 28. Calculate the remainder when k is divided by w.
12
Let i = -2 + 5. Suppose i = -2*r + 7. Suppose -24 = -7*z + z. What is the remainder when z is divided by r?
0
Let y = 21 + -11. Calculate the remainder when 29 is divided by y.
9
Let a(f) = -2*f - 2. Let b be a(-3). Let u = 23 + b. Calculate the remainder when u is divided by 10.
7
Suppose -3*j + 1 = 19. Let o(m) = -2*m - 9. Let g = -1 + 3. What is the remainder when o(j) is divided by g?
1
Suppose -4*t + 8*m + 176 = 3*m, -4*t = -4*m - 176. Suppose a - c + 43 = 3*a, -57 = -3*a - 3*c. Let w = -9 + a. What is the remainder when t is divided by w?
14
Let x = 98 + -71. Calculate the remainder when 80 is divided by x.
26
Let q(m) = m**2 + 21*m - 30. What is the remainder when 90 is divided by q(-23)?
10
Let h = -60 - -73. What is the remainder when (-1 + (-47)/2)*-2 is divided by h?
10
Let a = 22 - 4. Calculate the remainder when 4/(-10) + (-152)/(-5) + 3 is divided by a.
15
Suppose -r + 2*a + 58 + 12 = 0, r = -4*a + 82. What is the remainder when r is divided by 21?
11
Let l(a) = -5*a. What is the remainder when l(-17) is divided by 22?
19
What is the remainder when (-183)/(-18) + 1/(-6) is divided by 4?
2
Let j be ((-3)/(-2))/((-6)/(-72)). Suppose -2*z = -3*i - j, i = 2*z - z - 7. Calculate the remainder when 11 is divided by z.
2
Suppose -207 = -2*f - 2*v - v, v = -4*f + 399. Suppose 4*r = f - 19. What is the remainder when r is divided by 11?
9
Calculate the remainder when 69 is divided by (-2*(-3)/(-6))/((-2)/38).
12
Suppose 0 = 3*w - 10 + 4. Suppose -w*t + 14 + 6 = 0. Calculate the remainder when t is divided by 6.
4
Suppose 5*c + 7 = -3. Let p = c + 5. Suppose p*b = 37 + 29. What is the remainder when b is divided by 6?
4
Let i = -349 + 641. Calculate the remainder when i is divided by 59.
56
Suppose 3*w - h - 83 = 0, -7 = w - 3*h - 32. Suppose -3*y - y = -w. Calculate the remainder when 12 is divided by y.
5
Suppose 3*d = -12 - 12. Let g = 32 - d. What is the remainder when g is divided by 14?
12
Suppose -291 + 45 = -3*d. Calculate the remainder when d is divided by 17.
14
Let c(g) = -13*g**2 - 1. Let a be c(1). Let m = 2 - a. Let k = 143 + -97. Calculate the remainder when k is divided by m.
14
Suppose -a - 3*c + 7 = 0, -4*a = 3*c - 8*c + 57. Let r = a + 27. What is the remainder when 55 is divided by r?
17
Let o = 17 + -5. Let t = -11 + o. Suppose 0 = -5*q + q + 8. Calculate the remainder when q is divided by t.
0
Let f = 3 - 0. Suppose f*b - 235 = -2*b. What is the remainder when b is divided by 16?
15
Let c(i) = i**3 + 11*i**2 - 14*i - 17. Calculate the remainder when 41 is divided by c(-12).
6
Suppose 0 = 2*j - 5 - 3. Suppose 0*g + j*g - 8 = 0. What is the remainder when g - (1 + 1*-3) is divided by 2?
0
Suppose -3*u - 4 = -22. Calculate the remainder when 9 is divided by u.
3
Suppose 3*c + 3*s - 183 = 0, 2*c - 119 = -0*s + s. Suppose -4*t + c = t. What is the remainder when 1792/80 + 2/(-5) is divided by t?
10
Suppose 0 = -f + 2*p + 83, 5 = 3*p + 2*p. What is the remainder when f is divided by 29?
27
Let w = -33 + 47. What is the remainder when 54 is divided by w?
12
Let b be 5/2 - (-4)/(-8). Suppose b*q - 3 = q. Suppose 15 = q*j - 0*j. Calculate the remainder when 9 is divided by j.
4
Suppose 7 = z + x, -7 = 4*z - 5*z + 5*x. Suppose 0 = 5*m + 2 - z. Calculate the remainder when 0 - (-32 - 2) - m is divided by 17.
16
What is the remainder when ((-13)/(-39))/((-1)/(-30)) is divided by 7?
3
Let w(m) = -8*m - 42. Calculate the remainder when 63 is divided by w(-7).
7
Let z = 7 - 2. Suppose 3*g - 118 = 2*s, -3*g - 4*s = s - 125. Suppose g = 3*m + 2*m. What is the remainder when m is divided by z?
3
Calculate the remainder when (10/25)/(4/790) is divided by 20.
19
Let n = 9 + 4. Calculate the remainder when 49 is divided by n.
10
Let u(z) = -2*z**2 - 3*z. Let v be u(-2). What is the remainder when -51*2/4*v is divided by 18?
15
Let o = 364 + -347. What is the remainder when ((-1)/2)/(3/(-402)) is divided by o?
16
Suppose 4*v = 51 + 33. Let t be -1 + 1 - (-7 - -5). Suppose -4*w + j + 243 = -0*j, -t*j + 72 = w. What is the remainder when w is divided by v?
20
Let j = -6 + 3. Let s = -3 - j. Calculate the remainder when s - (-2 - 0 - 0) is divided by 1.
0
Suppose 59 - 699 = -4*j. Suppose 0*d - j = -5*d. Suppose -5*m + 77 = 2*x - 4*x, 2*m + 2*x - 42 = 0. What is the remainder when d is divided by m?
15
Suppose -f - 5 = -2. What is the remainder when -23*(2 + -6 - f) is divided by 12?
11
Suppose -k + 0*k - 19 = 5*j, -5*k = 2*j + 3. Suppose 0 = 4*q - 72 - 4. What is the remainder when (k - 17)/((-2)/7) is divided by q?
18
Suppose 6 = -2*h, 0 = -2*d + d - 2*h - 3. Suppose -9 = d*f - 27. What is the remainder when 20 is divided by f?
2
Suppose -19 = -4*r + 53. Calculate the remainder when (-4)/(-12) - 465/(-9) is divided by r.
16
Calculate the remainder when 29 is divided by ((-60)/(-25))/((-3)/(-20)).
13
Let f = 6 - 3. Suppose 5*x = -4*r - 12, -4*x + 9 = -2*r + f. Calculate the remainder when 14 is divided by 2 + 0 + 0 - r.
4
Let b(c) = 4*c - 49. What is the remainder when 58 is divided by b(16)?
13
Suppose 2*w + 4*j = 31 - 193, -2*w = -3*j + 127. Let s be (-640)/(-6) - 2/3. Let z = s + w. What is the remainder when z is divided by 12?
11
Let k be 2/6 - (-35)/21. Suppose 0 = -5*i - k + 77. What is the remainder when 57 is divided by i?
12
Let n be 2/(-4) - 4/(-8). Suppose 3*i + i = n. Suppose 0 = -o - i*o + 15. Calculate the remainder when 44 is divided by o.
14
Let q(j) = 12*j**2 + 1. Let n be (3 - 3 - 1)*-1. Let y = 3 + 2. Calculate the remainder when q(n) is divided by y.
3
Suppose -5*m + 5*o = 6*o - 45, 4*o = 4*m - 60. What is the remainder when 34 is divided by m?
4
Suppose 0 = b - 5*b. Suppose t = g - b*g - 6, -t + 5*g = 6. What is the remainder when ((-1)/(-2))/(t/(-228)) is divided by 10?
9
Let i(c) be the third derivative of 3*c**2 + 1/24*c**4 + 0*c + 0 + 17/60*c**5 + 1/6*c**3. Calculate the remainder when i(-1) is divided by 6.
5
What is the remainder when 22 is divided by 4*(-1)/(-10) + (-756)/(-60)?
9
Suppose 3*k - 2 = 4*p - 8, -4*p = -12. Let a be (0 - (-10)/(-3))*-6. Suppose -5*c + 4*q + 22 = -a, -c = k*q. What is the remainder when 16 is divided by c?
4
Let f be 93/9 + (-3)/9. Suppose 5*m - 35 = f. Suppose -3*q - 5*n + 33 = 0, 0*q = -5*q - n + 77. Calculate the remainder when q is divided by m.
7
Suppose 4*w + 4*x - 59 = w, 47 = 4*w - x. What is the remainder when 77 is divided by w?
12
Suppose 4 = -f, 2*f + 11 = -2*i + 5*i. Let y = 10 + -2. What is the remainder when y is divided by (10/(-6))/(i/(-3))?
3
Suppose 2*a - 4*t - 34 = 18, -2*a + 38 = 3*t. Suppose 2*k = -w + 15, -5*k + a = w - 10*k. Calculate the remainder when w is divided by 9.
8
Let k = 24 - 2. Suppose 11 = -4*a + 3, 4*g - 308 = 2*a. Let r = -34 + g. Calculate the remainder when r is divided by k.
20
Let q(n) = -n**2 + 8*n + 4. Let j be 3/12 + 5/(-4). Let w = 7 + j. Calculate the remainder when q(6) is divided by w.
4
Let l = -5 - -15. Suppose 0 - 16 = -q. Let x = 11 + q. What is the remainder when x is divided by l?
7
Suppose -20 - 10 = -6*h. What is the remainder when 16 is divided by h?
1
Let n(y) = -2*y - 18. Calculate the remainder when 46 is divided by n(-15).
10
Let h be 80/(-3)*12/10. Let q be (15/3)/(1/14). Let f = h + q. Calculate the remainder when f is divided by 10.
8
Suppose k + 20 = 5*k. Suppose -k*j - 45 = -15. Let s = j - -9. Calculate the remainder when 11 is divided by s.
2
Suppose -5 = f, 3*f - 40 = h + 4*h. What is the remainder when 23 is divided by (-720)/(-88) + 2/h?
7
Suppose -4*w = -k - 0*w - 39, -4*k - 3*w - 99 = 0. Calculate the remainder when 43 is divided by (-2 - k)/1 - 3.
21
Suppose 0 = 4*m - h - 113, 0*h = -2*h - 10. Let o = 21 - 6. Let l = -1 + o. Calculate the remainder when m is divided by l.
13
Let p = -10 + 27. Let r = p + 6. What is the remainder when r is divid